t is the units digit of v(m)?
4
Let w(h) = -11*h**2 + 25*h + 16. Let g(s) = 5*s**2 - 12*s - 8. Let p(d) = -9*g(d) - 4*w(d). What is the units digit of p(8)?
8
Let x be 0 + 0 - (-5 - -8). Let d(i) = -i**2 - 4*i - 5. Let t(q) = -3*q**2 - 13*q - 14. Let c(g) = -8*d(g) + 3*t(g). What is the tens digit of c(x)?
1
Let t(z) = 3*z**2 - 7*z + 8. What is the tens digit of t(11)?
9
Suppose 26 = 5*n + 6, -3*z - 2*n + 8 = 0. Let j be (1 - z)/((-2)/(-4)). Suppose 0 = 2*a - j*y - 2, -y = -5*a + 2*y + 13. What is the units digit of a?
5
What is the tens digit of (-3)/((-96)/31 + (-15)/(-5))?
3
Let l be (-10)/3 - 4/6. What is the units digit of l*(-2 - 24/4)?
2
Suppose 3*y - 348 = 3*v, 0 = 6*v - v - 15. What is the tens digit of y?
1
Suppose 3*y = 16 + 14. What is the units digit of y?
0
Suppose -4*n - g + 6*g + 738 = 0, 4*n - 4*g = 736. What is the hundreds digit of n?
1
Let p = 32 + -10. What is the units digit of p?
2
What is the tens digit of -4 + (0 - 0) - -226?
2
Let b be (-2)/8 + 101/4. Let k = 38 - b. What is the tens digit of k?
1
Let g be (-4)/10 - 24/(-10). Let c(t) = 5 - 4*t**g + 10*t**2 - 4 - t. What is the units digit of c(1)?
6
Let d be ((-42)/(-49))/(2/42). Let t = d + 0. What is the tens digit of t?
1
Suppose 2*j - 48 = 4*v, j + 3*j - 57 = -5*v. Suppose -5*u = 12 + j. What is the units digit of 3/2*u/(-9)?
1
Suppose 4*x + 0*x + 76 = 0. Let i = 35 + x. What is the tens digit of i?
1
Let s(t) = t**2 + 2*t - 2. Let k be s(-2). Let u be 3*4/(-6)*k. Suppose 2*g + 16 = u*g. What is the units digit of g?
8
Let t(b) = -b**2 + 7*b - 5. Suppose 0 = -2*c - 2*c. Suppose 3*r - y - 20 = c, -3*r - 2*y + 10 = 2*y. What is the units digit of t(r)?
1
Let z(a) = 2*a**3 - a**2 - 20*a + 9. What is the units digit of z(6)?
5
Let c(p) = 2*p + 6. Let u be c(7). Suppose 0 = -4*t + u - 0. Suppose 4*b = 7 + t. What is the units digit of b?
3
Let n(p) be the first derivative of 5*p**2/2 + 1. Let t be n(6). Suppose t = 2*y + 3*y. What is the units digit of y?
6
Let h(m) be the first derivative of m**3/3 + 2*m**2 - m + 6. What is the tens digit of h(-8)?
3
Suppose 0 = -3*w + 13 + 32. What is the units digit of w?
5
Let k(f) = f**3 + 6*f**2 - 11*f - 10. What is the tens digit of k(-7)?
1
Suppose r + i = 28, 2*i + 2*i = -5*r + 142. What is the tens digit of r?
3
Let f be (0/1 - 1) + 9. Let t = f - 6. What is the units digit of (-2 + -2)*(-1)/t?
2
Let i be 9*(1 + 1)/2. Let p(h) = -h + 10. What is the units digit of p(i)?
1
Suppose 9*k = 8*k + 33. What is the units digit of k?
3
Let z = -68 + 184. What is the hundreds digit of z?
1
Suppose 0 = 10*s - 5*s - 110. What is the units digit of s?
2
Let b = -1 + 3. Suppose 0*r - 2*r + 10 = -2*v, 3*v + b*r = 0. What is the units digit of 1 - (-1 - v) - -1?
1
Let r(s) = 2*s. Let z be r(5). Let y = z - -2. What is the units digit of y?
2
What is the tens digit of (-1436)/(-1)*1/4?
5
Suppose -7 = 3*k + 14. Suppose 2*z - 63 = 5*z. What is the units digit of (-2)/k - 36/z?
2
Let b(w) = -2*w + 2. Let p be b(3). Let m(s) = s + 7. Let a be m(p). Suppose 5*k - 4*y = a*k - 6, -k = 4*y - 27. What is the units digit of k?
7
Let x be 2/12 + 3/(-18). Let v be (3/2)/(6/56). Suppose 4*h = -m + 18, x = -3*h - h + m + v. What is the units digit of h?
4
Let k = 219 + -154. What is the units digit of k?
5
Let l(q) = -3*q - 3. Let w(r) = -r + 1. Let y(p) = -l(p) - 4*w(p). What is the units digit of y(2)?
3
Suppose 5*f = 5*q - 39 + 244, 0 = f + 5*q - 65. What is the tens digit of f?
4
Let w be (-4)/6 + (-4)/3. Let p be 2/4*(w + 50). Suppose s = 5*s - p. What is the units digit of s?
6
Let i be (189/14)/(2/(-4)). Let b = -16 - i. What is the units digit of b?
1
Let c(p) = -36*p - 19. What is the hundreds digit of c(-6)?
1
Suppose 0 = -4*v - 1 + 17. Suppose 0 = -3*l + v + 5. Suppose 2*r = l*n + 8, -4*r + 0*r - 2*n = 0. What is the units digit of r?
1
Let k(r) = 10*r**2 + 3*r + 2. What is the units digit of k(-2)?
6
Let k = 3 + -5. Let q(m) = -2*m**3 - 1. Let s be q(k). Let d = -8 + s. What is the units digit of d?
7
Let u(q) be the third derivative of -q**6/15 + q**5/60 + q**4/12 + q**3/6 - 2*q**2. Let r = -8 - -7. What is the units digit of u(r)?
8
What is the units digit of (-18)/48 - (-435)/8?
4
Suppose -2*x + 1 + 39 = 0. Suppose -b - x = -5*b. Suppose -b*d = -d - 40. What is the tens digit of d?
1
What is the units digit of 57/3 - (-2 - -3)?
8
Let d(y) = -19*y + 30. What is the units digit of d(-15)?
5
Let x(z) be the second derivative of z**4/6 + z**3/2 - 2*z**2 - 2*z. Let f be x(-3). Suppose 2*w - 19 = -f. What is the units digit of w?
7
Let u be 1/(3 - 2) - -1. Suppose -u*c + 9 = -5. What is the units digit of c?
7
Suppose -c = n - 4*n + 6, -3*c - 10 = -5*n. Suppose 0 = -p - p + n. What is the units digit of p?
1
Let d be (-7)/(-28) - (-1)/(-4). Let f = 5 + d. What is the units digit of f?
5
Let y = -34 + 67. Let k = 46 - y. What is the tens digit of k?
1
Let j = 21 - 11. Suppose 0*g + g - j = 0. What is the units digit of g?
0
Let s = -18 + 26. Suppose -4*v + s = -4*a, -5*a - 16 + 54 = 3*v. Suppose -3*d + 26 = 4*g, 3*g = v*g - 2*d - 28. What is the units digit of g?
8
Suppose 15 = -4*h - 4*g - 61, 78 = -4*h - 3*g. Let q = -7 - -37. Let x = q + h. What is the units digit of x?
9
Suppose -1 = -l + 4, -2*l = 3*j + 44. Let o = 35 + j. Suppose 5*i - 61 = k, 3*i - 2*i - 5*k = o. What is the units digit of i?
2
What is the units digit of (-6)/1*108/(-24)?
7
Let g = -12 + 28. What is the tens digit of g?
1
Suppose i + 2*t + 13 = 0, 0 = 4*i + 5*t + 24 + 13. Let s = -1 + i. What is the units digit of (-2)/s*2*1?
1
Let p(i) = 6*i**2 + 6. What is the tens digit of p(-6)?
2
Let a = 170 - 77. What is the units digit of a?
3
Suppose -2*u - u - 78 = 0. Let c = u - -71. Suppose f + c = 6*f. What is the units digit of f?
9
Suppose -5*u = r - 391, 2*u + 2*r - 80 = u. What is the tens digit of u?
7
Suppose 2*k - 8 = 3*k. Let n be (5 - 1) + k/(-4). What is the units digit of 32/n + (-6)/(-9)?
6
Suppose 5*m + 10 = 65. Let b = 6 + m. What is the tens digit of b?
1
Let f = 4 - -1. Suppose 0*l = l + f. Let h = l - -11. What is the units digit of h?
6
Let z(c) = -c**2 + c + 1. Suppose 3*m = -4*q - 14, 4*q - 2*m = -m - 22. Let n = -5 - q. What is the units digit of z(n)?
1
Let f = -4 - -5. Let u be (4 - 2) + (0 - f). Suppose -5*s - 4*i = u, 6*s - 8 = 2*s - i. What is the units digit of s?
3
Let v(n) = -6*n - 6. Let g(c) = -2*c - 2. Let k(q) = 17*g(q) - 6*v(q). What is the units digit of k(2)?
6
Let w(m) = 0 + m + 2*m - 4. Let z(h) = h**2 - h + 4. Let l be z(0). What is the units digit of w(l)?
8
Suppose -5*u + 4 = 4*i, 4*i + 32 = -0*u + 4*u. Let t(k) = 2*k - 6 - 2*k + 2*k. What is the units digit of t(u)?
2
Let d = 12 + -10. Suppose -d*x = 2*m - 0*x - 18, -5*x + 20 = 0. What is the units digit of m?
5
Let a be (1 - -32)/((-21)/(-28)). Suppose -3*m = -5*i - 0*i + a, -19 = -i + 4*m. What is the units digit of i?
7
Let o(m) = m**3 + 10*m**2 + 8*m - 7. Let q be o(-9). Suppose q*k + k - 15 = 0. Suppose 0*y - 3*y = -k*i + 50, 30 = 5*i + y. What is the units digit of i?
7
Suppose -a + 3 = -2*a, -4*a + 12 = 3*f. What is the units digit of f?
8
Suppose -5*q - 18 = -4*j, -3*j - 3 = -4*j + 2*q. Let y = j + 12. What is the units digit of y?
9
Suppose 2*s - 24 = -4*o, -s - 2*o = -3*s. Suppose s*z - 2 + 6 = 2*j, -3*z + 19 = 4*j. Suppose 55 = 4*r - b, r - j*r = 4*b - 65. What is the units digit of r?
5
Let n = -20 + 23. What is the units digit of n?
3
Suppose 3*b - 3*p - 12 = 0, 3*b + 3*p = 25 + 17. What is the units digit of b?
9
Let a = -26 - -17. Let q = 20 + a. Let u = -3 + q. What is the units digit of u?
8
Let f(m) = m. Let w be f(2). Suppose 2*v + 0*h - 6 = w*h, -3*v = -h - 11. Suppose -3*b = -15, -v*y + 41 = 2*b + 3*b. What is the units digit of y?
4
Suppose 0 = m - 0 + 26. Let v = m - -49. What is the tens digit of v?
2
Let q(g) = 7*g**2 + 3. What is the tens digit of q(-2)?
3
Let y(m) = -2*m**2 - 3*m + 2. Let v be y(-3). What is the tens digit of ((-18)/v)/((-33)/(-308))?
2
Let d = 63 - 45. What is the units digit of d/4 - (-4)/(-8)?
4
Let s(k) = 3*k - 1. Let c be s(1). Let p(m) = m**2 + 2*m - 2. Let h be p(c). What is the units digit of (-2)/4 + 39/h?
6
Let f = -8 - -44. Let y = 52 - f. What is the tens digit of y?
1
Let c = 3 - 1. Suppose -c*m = -4*m + 64. Suppose -3*p + m =